{"id":333,"date":"2012-01-20T20:14:04","date_gmt":"2012-01-20T20:14:04","guid":{"rendered":"http:\/\/clone-it.de\/wpb367\/?page_id=333"},"modified":"2024-12-09T19:34:17","modified_gmt":"2024-12-09T19:34:17","slug":"quellen","status":"publish","type":"page","link":"https:\/\/gartenbau.clone-it.de\/wpb367\/index.php\/quellen\/","title":{"rendered":"Quellen"},"content":{"rendered":"<p style=\"text-align: justify;\">Beim Gartenbau und der dazugeh\u00f6rigen Planung verbringt man viel Zeit mit der Suche nach geeigneten Materialien. Die Frage, wo bekomme ich was zu den g\u00fcnstigsten Konditionen steht hier im Mittelpunkt. Selbst wenn endlich das geeignete Material aufgesp\u00fcrt wurde, bleibt dann oftmals noch die Organisation des Transports bis zum eigenen Garten. All dies gilt es im Vorfeld zu ber\u00fccksichtigen.<\/p>\n<p style=\"text-align: justify;\">Um meinen Lesern die Suche und die Organisation etwas zu erleichtern habe ich diese \u00dcbersichtsseite angelegt, auf der ich meine empfehlenswerten Quellen benenne.<\/p>\n<p style=\"text-align: justify;\">Auf der Seite <a title=\"Nicht empfehlenswert\" href=\"https:\/\/gartenbau.clone-it.de\/wpb367\/index.php\/quellen\/nicht-empfehlenswerte-quellen\/\">Quellen &#8211; Nicht empfehlenswert<\/a> hingegen verweise ich auf Unternehmen, mit denen ich schlechte Erfahrungen gemacht habe.<\/p>\n<ul>\n<li><strong>Baustoffe<\/strong><br \/>\n<a title=\"Bauzentrum Gerhardt\" href=\"http:\/\/www.gerhardt-bauzentrum.de\/\" target=\"_blank\" rel=\"noopener noreferrer\">Bauzentrum Gerhardt<\/a> &#8211; Butzbach<br \/>\n<a title=\"Globus Baumarkt\" href=\"http:\/\/www.globus-baumarkt.de\" target=\"_blank\" rel=\"noopener noreferrer\">Globus Baumarkt<\/a> &#8211; Friedberg<br \/>\n<a title=\"Baustoffe M\u00fchl\" href=\"http:\/\/www.muehl.de\/wps\/wse\/home\/Muehl\/muehl\/\" target=\"_blank\" rel=\"noopener noreferrer\">Baustoffe M\u00fchl<\/a> &#8211; Hungen<br \/>\n<a title=\"Toom Baumarkt\" href=\"http:\/\/www.toom-baumarkt.de\/\" target=\"_blank\" rel=\"noopener noreferrer\">Toom Baumarkt<\/a> &#8211; Bad Nauheim, Butzbach, Friedberg<\/li>\n<\/ul>\n<ul>\n<li><strong>Blockh\u00e4user, Gartenh\u00fctten und -m\u00f6bel<br \/>\n<\/strong><a title=\"Gartenhaus kaufen - riesige Auswahl &amp; faire Preise\" href=\"http:\/\/www.gartenhaus-gmbh.de\/\" target=\"_blank\" rel=\"noopener noreferrer\">Gartenhaus GmbH<\/a> &#8211; Riesige Auswahl von Gartenh\u00e4usern zu fairen Preisen<br \/>\n<a title=\"Blockh\u00e4user Gartenm\u00f6bel Gew\u00e4chsh\u00e4user\" href=\"http:\/\/www.wamadirekt.de\" target=\"_blank\" rel=\"noopener noreferrer\">WAMA<\/a> &#8211; Solide und individuell planbare Gartenh\u00e4user aus Blockbohlen<\/li>\n<\/ul>\n<ul>\n<li><strong>Bruchsteine<\/strong><br \/>\n<a title=\"Hartbasaltwerke Johannes Nickel\" href=\"http:\/\/www.basaltnickel.de\/\" target=\"_blank\" rel=\"noopener noreferrer\">Hartbasaltwerke Johannes Nickel<\/a> &#8211; Ober Widdersheim<\/li>\n<\/ul>\n<ul>\n<li><strong>Carport, Terrassen\u00fcberdachung, Sauna Pavillon, Balkon<\/strong><br \/>\n<a title=\"Carport, Terrassen\u00fcberdachung, Sauna, Pavillion, Balkon - holzon.de\" href=\"http:\/\/www.holzon.de\" target=\"_blank\" rel=\"noopener noreferrer\">Holzon<\/a> &#8211; Vielf\u00e4ltige Individuall\u00f6sungen in allen oben genannten Bereichen<\/li>\n<\/ul>\n<ul>\n<li><strong>Dachdecker- und Spenglerarbeiten<\/strong><br \/>\n<a title=\"Arbeiten rund ums Dach\" href=\"http:\/\/www.ms-gleixner.de\" target=\"_blank\" rel=\"noopener noreferrer\">MS-Gleixner<\/a> &#8211; Alle Arbeiten rund ums Dach, von der Planung, Beratung bis zur Ausf\u00fchrung<\/li>\n<\/ul>\n<ul>\n<li><strong>Fahnenmasten und Flaggen<\/strong><br \/>\n<a title=\"Neumeyer Abzeichen, Fahnenmasten und Flaggen\" href=\"http:\/\/www.neumeyer-abzeichen.de\/\" target=\"_blank\" rel=\"noopener noreferrer\">Neumeyer<\/a> &#8211; Abzeichen, Fahnenmasten und Flaggen<\/li>\n<\/ul>\n<ul>\n<li><strong>Farben und Lasuren<\/strong><br \/>\n<a title=\"Remmers Baustofftechnik f\u00fcr Bau- und Holzhandwerk\" href=\"http:\/\/www.remmers.de\" target=\"_blank\" rel=\"noopener noreferrer\">Remmers<\/a> &#8211; Vielf\u00e4ltiges Angebot an Farben und Lasuren f\u00fcr den Au\u00dfen- und Innenbereich<\/li>\n<\/ul>\n<ul>\n<li><strong>Feuerschalen, Feuerk\u00f6rbe, Schwenkgrills und Grillzubeh\u00f6r<\/strong><br \/>\n<a title=\"Edelstahlgrillger\u00e4te und Zubeh\u00f6r\" href=\"http:\/\/www.edelstahlgrill.de\/\" target=\"_blank\" rel=\"noopener noreferrer\">www.edelstahlgrill.de<\/a> &#8211; Edelstahlgrillger\u00e4te und Zubeh\u00f6r<br \/>\n<a title=\"Feuerschalen, Feuerk\u00f6rbe und Schwenkgrills\" href=\"http:\/\/www.feuerschalen-shop.de\/\" target=\"_blank\" rel=\"noopener noreferrer\">www.feuerschalen-shop.de<\/a> &#8211; Feuerschalen, Feuerk\u00f6rbe und Schwenkgrills<\/li>\n<\/ul>\n<ul>\n<li><strong>Gartenteiche<br \/>\n<\/strong><a title=\"Ratgeber-Portal f\u00fcr das Anlegen und Pflegen eines Gartenteiches jeglicher Art\" href=\"https:\/\/www.teich-profi.de\/\" target=\"_blank\" rel=\"noopener noreferrer\">www.teich-profi.de<\/a> &#8211; Ratgeber-Portal rund um das Thema Gartenteich<\/li>\n<\/ul>\n<ul>\n<li><strong>Gartenwelten im Internet<\/strong><br \/>\n<a title=\"Gartenwelt Riegelsberger\" href=\"http:\/\/www.holzmarkt-riegelsberger.de\" target=\"_blank\" rel=\"noopener noreferrer\">www.holzmarkt-riegelsberger.de<\/a> &#8211; Gartenwelt Riegelsberger<br \/>\n<a title=\"Pflanzenwelt Biermann\" href=\"http:\/\/www.baumschulen-biermann.de\" target=\"_blank\" rel=\"noopener noreferrer\">www.baumschule-biermann.de<\/a> &#8211; Pflanzenwelt Biermann, Z\u00e4une und Sichtschutz aus Weiden<\/li>\n<li><strong>Lavagranulat, Rindenmulch, Erde und Kompost<\/strong><br \/>\n<a title=\"AWB Wetterau Kompostierungsanlage\" href=\"http:\/\/www.awb-wetterau.de\" target=\"_blank\" rel=\"noopener noreferrer\">AWB Wetterau Kompostierungasanlage<\/a> &#8211; Gartenerde, Rindenmulch und Kompost<br \/>\n<a title=\"Scherz Umwelt GmbH &amp; Co. KG\" href=\"http:\/\/www.scherz-umwelt.de\/\" target=\"_blank\" rel=\"noopener noreferrer\">Scherz Umwelt GmbH &amp; Co. KG<\/a> &#8211; Altenstadt an der A45 (Lavagranulat und verschiedene Sorten Rindenmulch)<\/li>\n<\/ul>\n<ul>\n<li><strong>Metallwaren g\u00fcnstig im Internet<\/strong><br \/>\n<a title=\"Reinartz Kleinteileversand\" href=\"http:\/\/www.kleinteileversand.de\" target=\"_blank\" rel=\"noopener noreferrer\">www.kleinteileversand.de<\/a> &#8211; Reinartz Kleinteileversand<br \/>\n<a title=\"Befestigungstechnik, Pfostentr\u00e4ger und Schrauben\" href=\"http:\/\/www.lamprecht24.de\/\" target=\"_blank\" rel=\"noopener noreferrer\">www.lamprecht24.de<\/a> &#8211; Befestigungstechnik, Pfostentr\u00e4ger und Schrauben<br \/>\nwww.sl-schrauben.de &#8211; SL-Schrauben (seit dem Fr\u00fchjahr 2016 nicht mehr am Markt)<\/li>\n<\/ul>\n<ul>\n<li><strong>Natursteine<\/strong><br \/>\n<a title=\"Westerw\u00e4lder Natursteinhandel Schramm\" href=\"http:\/\/www.westerwaelder-natursteinhandel.de\" target=\"_blank\" rel=\"noopener noreferrer\">Westerw\u00e4lder Natursteinhandel Schramm<\/a><\/li>\n<\/ul>\n<ul>\n<li><strong>Pflanzen und Gartengestaltung<\/strong><br \/>\n<a title=\"Baumschule und Gartencenter in Giessen\" href=\"http:\/\/www.baumschule-engelhardt.de\" target=\"_blank\" rel=\"noopener noreferrer\">Baumschule Engelhardt<\/a> &#8211; Heuchelheim bei Giessen (sehr gute Beratung bei der Auswahl von Pflanzen f\u00fcr unterschiedliche Einsatzbereiche)<br \/>\n<a title=\"Baumschule Rinn\" href=\"http:\/\/www.rinnbaumschule.de\/\" target=\"_blank\" rel=\"noopener noreferrer\">Baumschule Rinn<\/a> &#8211; Heuchelheim bei Giessen (sehr kompetente Hilfe bei der\u00a0 individuellen Gartengestaltung und Auswahl von Pflanzen)<br \/>\n<a title=\"Baumschule New Garden\" href=\"http:\/\/www.baumschule-newgarden.de\" target=\"_blank\" rel=\"noopener noreferrer\">Baumschule New Garden<\/a> &#8211; Internetshop mit sehr guter Beratung, schnellem Service und sch\u00f6nen Pflanzen<\/li>\n<\/ul>\n<ul>\n<li><strong>Pflanzk\u00fcbel und Blumenk\u00fcbel<\/strong><br \/>\n<a title=\"Pflanz- und Blumenk\u00fcbel direkt online bestellen\" href=\"https:\/\/www.pflanzkuebel-direkt.de\/\" target=\"_blank\" rel=\"noopener noreferrer\">Pflanzk\u00fcbel direkt<\/a> &#8211; Gro\u00dfe Auswahl an modernen Pflanzk\u00fcbeln aus Fiberglas, Kunststoff und Edelstahl zum Teil mit eingebauter Beleuchtung<\/li>\n<\/ul>\n<ul>\n<li><strong>Pflasterklinker<\/strong><br \/>\n<a href=\"http:\/\/www.akaklinker.de\/start.html\" target=\"_blank\" rel=\"noopener noreferrer\">AKA Pflasterklinker<\/a> &#8211; Fassaden- und Pflasterklinker aus Peine<\/li>\n<\/ul>\n<ul>\n<li><strong>Quellsteine<\/strong><br \/>\n<a href=\"https:\/\/brunnenwelt.eu\/\" target=\"_blank\" rel=\"noopener\">Tr\u00f6ster&#8217;s Brunnelwelt<\/a><\/li>\n<\/ul>\n<ul>\n<li><strong>Rankgitter, Rankhilfen, Rosenb\u00f6gen<\/strong><br \/>\n<a title=\"Rankgitter Rankhilfen Rosenbogen\" href=\"http:\/\/www.brandmeier.de\/\" target=\"_blank\" rel=\"noopener noreferrer\">Thomas Brandmeier Ranktechnik<\/a> &#8211; Umfassendes Angebot zum Thema Ranktechnik<\/li>\n<\/ul>\n<ul>\n<li><strong>Ratgeber im Internet<br \/>\n<\/strong><a title=\"OBI - Ihr Baumarkt!\" href=\"http:\/\/www.obi.de\" target=\"_blank\" rel=\"noopener noreferrer\">OBI<\/a> &#8211; <a title=\"OBI - Ratgeber zum Thema Garten\" href=\"http:\/\/www.obi.de\/de\/ratgeber\/garten\/index.html\" target=\"_blank\" rel=\"noopener noreferrer\">Ratgeber zum Thema Garten<\/a><\/li>\n<\/ul>\n<ul>\n<li><strong>Rolltore<br \/>\n<\/strong><a href=\"https:\/\/www.rolladenplanet.de\" target=\"_blank\" rel=\"noopener\">Rolladenplanet.de<\/a> &#8211; Riesige Auswahl an Rolltoren und auf Ma\u00df konfigurierbar<\/li>\n<\/ul>\n<ul>\n<li><strong>Transport und Baustoffe<\/strong><br \/>\nHelwig GmbH Transport und Baustoffe<br \/>\nBahnhofstrasse 4<br \/>\n35519 Rockenberg Oppershofen<br \/>\nTel. 06033 \/ 67450<\/li>\n<\/ul>\n<ul>\n<li><strong>Zimmerei<\/strong><br \/>\nZimmerei und Treppenbau Bell A. u. J.<br \/>\nBahnhofstrasse 9<br \/>\n35519 Rockenberg Oppershofen<br \/>\nTel. 06033 \/ 67449&#8243;]<\/li>\n<\/ul>\n<p style=\"text-align: justify;\">Bei der Suche nach Anregungen und Ideen bin ich auf einige B\u00fccher gesto\u00dfen, die mir hilfreich erschienen und daher hier ebenfalls aufgef\u00fchrt werden sollen.<\/p>\n<ul>\n<li><strong>Das Handbuch Heimwerken f\u00fcr den Garten<\/strong><br \/>\nPeter Bishop, Jenny Hendy &#8211; ISBN: 978-1-4454-0579-7<\/li>\n<li><strong>Der gro\u00dfe Gartenplaner<\/strong><br \/>\nplanen, entwerfen, kalkulieren<br \/>\nPeter Wirth (Hrsg.) &#8211; ISBN: 978-3-8289-1776-7<\/li>\n<li><strong>Die Kr\u00e4uterspirale<\/strong><br \/>\nBauanleitung, Kr\u00e4uterportraits, Rezepte<br \/>\nIrmela Erckenbrecht &#8211; ISBN: 3-89566-190-2<\/li>\n<li><strong>Gestalten mit Stein im Garten<\/strong><br \/>\nAlice Thinschmidt, Daniel B\u00f6swirth &#8211; ISBN: 978-3-8289-2661-5<\/li>\n<li><strong>Nutzg\u00e4rten prachtvoll gestalten<\/strong><br \/>\nKombinationen aus Kr\u00e4utern, Gem\u00fcse und Blumen<br \/>\nDr. Wolfgang Hensel, J\u00fcrgen Becker &#8211; ISBN 1-40546-691-X<\/li>\n<\/ul>\n<p style=\"text-align: justify;\"><strong>Freizeitparks mit Baumaschinen<\/strong> in denen die Bedienung von Baggern und weiteren Maschinen m\u00f6glich ist und somit erlernt werden kann.<\/p>\n<ul>\n<li><strong><a title=\"Monsterpark in Rattelsdorf bei Bamberg\" href=\"http:\/\/www.monsterpark.de\/\" target=\"_blank\" rel=\"noopener noreferrer\">Monsterpark<\/a><\/strong> in Rattelsdorf bei Bamberg<br \/>\nM\u00f6glichkeit, alle g\u00e4ngigen Baumaschinen selber zu bedienen. Nebenbei ein Riesenspa\u00df f\u00fcr die ganze Familie.<\/li>\n<\/ul>\n<p style=\"text-align: justify;\"><strong>Software<\/strong> f\u00fcr die Planung des Gartens und einzelner Bauten wie Carport, Gartenh\u00fctte und Holzunterstand.<\/p>\n<ul>\n<li><strong>Arcon 6.5 &#8211; 3D Bau &amp; Garten<\/strong><br \/>\nDas Programm bietet die M\u00f6glichkeit, Bauten (H\u00e4user)\u00a0 und Landschaften in 3D zu begehen. Zus\u00e4tzlich k\u00f6nnen eine Vielzahl von Pflanzen und Gegenst\u00e4nden platziert werden.<\/li>\n<li><strong>Open Office Draw 3.1<\/strong><br \/>\nMit diesem Zeichenprogramm k\u00f6nnen recht schnell ma\u00dfstabsgetreue Pl\u00e4ne f\u00fcr einzelner Bauwerke (z.B. Carport und Holzunterstand) erstellt werden, die sich beim Einholen von Angeboten als sehr hilfreich erwiesen haben.<\/li>\n<\/ul>\n<p style=\"text-align: justify;\"><strong>Computerb\u00fccher<\/strong> zur Realisierung des hier gezeigten Internetauftritts auf eigenem Server.<\/p>\n<ul>\n<li><strong>Apache Web-Server<\/strong> (3., \u00fcberarbeitete und erweiterte Auflage)<br \/>\nLars Eilebrecht &#8211; ISBN: 3-8266-0612-4<br \/>\nSehr umfassende Darstellung, nicht unbedingt f\u00fcr EDV-Laien geeignet<\/li>\n<li><strong>Praxiswissen WordPress<\/strong> (2. Auflage) &#8211; <a title=\"Blog zum Buch Praxiswissen WordPress\" href=\"http:\/\/limone.de\/wpblog\/\" target=\"_blank\" rel=\"noopener noreferrer\">Blog zum Buch<\/a><br \/>\nOlivia Adler &#8211; ISBN: 978-3-89721-663-1<br \/>\nViele praktische Hinweise auch zum Thema Sicherheit<\/li>\n<\/ul>\n<div class=\"shariff shariff-align-flex-start shariff-widget-align-flex-start\" data-services=\"facebook\" data-url=\"https%3A%2F%2Fgartenbau.clone-it.de%2Fwpb367%2Findex.php%2Fquellen%2F\" data-timestamp=\"1733772857\" data-hidezero=\"1\" data-backendurl=\"https:\/\/gartenbau.clone-it.de\/wpb367\/wp-json\/shariff\/v1\/share_counts?\"><div class=\"ShariffHeadline\">Diesen Beitrag teilen<\/div><ul class=\"shariff-buttons theme-color orientation-horizontal buttonsize-small\"><li class=\"shariff-button facebook shariff-nocustomcolor\" style=\"background-color:#4273c8\"><a href=\"https:\/\/www.facebook.com\/sharer\/sharer.php?u=https%3A%2F%2Fgartenbau.clone-it.de%2Fwpb367%2Findex.php%2Fquellen%2F\" title=\"Bei Facebook teilen\" aria-label=\"Bei Facebook teilen\" role=\"button\" rel=\"nofollow\" class=\"shariff-link\" style=\"; background-color:#3b5998; color:#fff\" target=\"_blank\"><span class=\"shariff-icon\" style=\"\"><svg width=\"32px\" height=\"20px\" xmlns=\"http:\/\/www.w3.org\/2000\/svg\" viewBox=\"0 0 18 32\"><path fill=\"#3b5998\" d=\"M17.1 0.2v4.7h-2.8q-1.5 0-2.1 0.6t-0.5 1.9v3.4h5.2l-0.7 5.3h-4.5v13.6h-5.5v-13.6h-4.5v-5.3h4.5v-3.9q0-3.3 1.9-5.2t5-1.8q2.6 0 4.1 0.2z\"\/><\/svg><\/span><span class=\"shariff-text\">teilen<\/span>&nbsp;<span data-service=\"facebook\" style=\"color:#3b5998\" class=\"shariff-count shariff-hidezero\"><\/span>&nbsp;<\/a><\/li><li class=\"shariff-button whatsapp shariff-nocustomcolor\" style=\"background-color:#5cbe4a\"><a href=\"https:\/\/api.whatsapp.com\/send?text=https%3A%2F%2Fgartenbau.clone-it.de%2Fwpb367%2Findex.php%2Fquellen%2F%20Quellen\" title=\"Bei Whatsapp teilen\" aria-label=\"Bei Whatsapp teilen\" role=\"button\" rel=\"noopener nofollow\" class=\"shariff-link\" style=\"; background-color:#34af23; color:#fff\" target=\"_blank\"><span class=\"shariff-icon\" style=\"\"><svg width=\"32px\" height=\"20px\" xmlns=\"http:\/\/www.w3.org\/2000\/svg\" viewBox=\"0 0 32 32\"><path fill=\"#34af23\" d=\"M17.6 17.4q0.2 0 1.7 0.8t1.6 0.9q0 0.1 0 0.3 0 0.6-0.3 1.4-0.3 0.7-1.3 1.2t-1.8 0.5q-1 0-3.4-1.1-1.7-0.8-3-2.1t-2.6-3.3q-1.3-1.9-1.3-3.5v-0.1q0.1-1.6 1.3-2.8 0.4-0.4 0.9-0.4 0.1 0 0.3 0t0.3 0q0.3 0 0.5 0.1t0.3 0.5q0.1 0.4 0.6 1.6t0.4 1.3q0 0.4-0.6 1t-0.6 0.8q0 0.1 0.1 0.3 0.6 1.3 1.8 2.4 1 0.9 2.7 1.8 0.2 0.1 0.4 0.1 0.3 0 1-0.9t0.9-0.9zM14 26.9q2.3 0 4.3-0.9t3.6-2.4 2.4-3.6 0.9-4.3-0.9-4.3-2.4-3.6-3.6-2.4-4.3-0.9-4.3 0.9-3.6 2.4-2.4 3.6-0.9 4.3q0 3.6 2.1 6.6l-1.4 4.2 4.3-1.4q2.8 1.9 6.2 1.9zM14 2.2q2.7 0 5.2 1.1t4.3 2.9 2.9 4.3 1.1 5.2-1.1 5.2-2.9 4.3-4.3 2.9-5.2 1.1q-3.5 0-6.5-1.7l-7.4 2.4 2.4-7.2q-1.9-3.2-1.9-6.9 0-2.7 1.1-5.2t2.9-4.3 4.3-2.9 5.2-1.1z\"\/><\/svg><\/span><span class=\"shariff-text\">teilen<\/span>&nbsp;<\/a><\/li><li class=\"shariff-button threema shariff-nocustomcolor shariff-mobile\" style=\"background-color:#4fbc24\"><a href=\"threema:\/\/compose?text=Quellen%20https%3A%2F%2Fgartenbau.clone-it.de%2Fwpb367%2Findex.php%2Fquellen%2F\" title=\"Bei Threema teilen\" aria-label=\"Bei Threema teilen\" role=\"button\" rel=\"noopener nofollow\" class=\"shariff-link\" style=\"; background-color:#1f1f1f; color:#fff\" target=\"_blank\"><span class=\"shariff-icon\" style=\"\"><svg width=\"32px\" height=\"20px\" xmlns=\"http:\/\/www.w3.org\/2000\/svg\" viewBox=\"0 0 32 32\"><path fill=\"#1f1f1f\" d=\"M30.8 10.9c-0.3-1.4-0.9-2.6-1.8-3.8-2-2.6-5.5-4.5-9.4-5.2-1.3-0.2-1.9-0.3-3.5-0.3s-2.2 0-3.5 0.3c-4 0.7-7.4 2.6-9.4 5.2-0.9 1.2-1.5 2.4-1.8 3.8-0.1 0.5-0.2 1.2-0.2 1.6 0 0.4 0.1 1.1 0.2 1.6 0.4 1.9 1.3 3.4 2.9 5 0.8 0.8 0.8 0.8 0.7 1.3 0 0.6-0.5 1.6-1.7 3.6-0.3 0.5-0.5 0.9-0.5 0.9 0 0.1 0.1 0.1 0.5 0 0.8-0.2 2.3-0.6 5.6-1.6 1.1-0.3 1.3-0.4 2.3-0.4 0.8 0 1.1 0 2.3 0.2 1.5 0.2 3.5 0.2 4.9 0 5.1-0.6 9.3-2.9 11.4-6.3 0.5-0.9 0.9-1.8 1.1-2.8 0.1-0.5 0.2-1.1 0.2-1.6 0-0.7-0.1-1.1-0.2-1.6-0.3-1.4 0.1 0.5 0 0zM20.6 17.3c0 0.4-0.4 0.8-0.8 0.8h-7.7c-0.4 0-0.8-0.4-0.8-0.8v-4.6c0-0.4 0.4-0.8 0.8-0.8h0.2l0-1.6c0-0.9 0-1.8 0.1-2 0.1-0.6 0.6-1.2 1.1-1.7s1.1-0.7 1.9-0.8c1.8-0.3 3.7 0.7 4.2 2.2 0.1 0.3 0.1 0.7 0.1 2.1v0 1.7h0.1c0.4 0 0.8 0.4 0.8 0.8v4.6zM15.6 7.3c-0.5 0.1-0.8 0.3-1.2 0.6s-0.6 0.8-0.7 1.3c0 0.2 0 0.8 0 1.5l0 1.2h4.6v-1.3c0-1 0-1.4-0.1-1.6-0.3-1.1-1.5-1.9-2.6-1.7zM25.8 28.2c0 1.2-1 2.2-2.1 2.2s-2.1-1-2.1-2.1c0-1.2 1-2.1 2.2-2.1s2.2 1 2.2 2.2zM18.1 28.2c0 1.2-1 2.2-2.1 2.2s-2.1-1-2.1-2.1c0-1.2 1-2.1 2.2-2.1s2.2 1 2.2 2.2zM10.4 28.2c0 1.2-1 2.2-2.1 2.2s-2.1-1-2.1-2.1c0-1.2 1-2.1 2.2-2.1s2.2 1 2.2 2.2z\"\/><\/svg><\/span><span class=\"shariff-text\">teilen<\/span>&nbsp;<\/a><\/li><\/ul><\/div>","protected":false},"excerpt":{"rendered":"<p>Beim Gartenbau und der dazugeh\u00f6rigen Planung verbringt man viel Zeit mit der Suche nach geeigneten Materialien. Die Frage, wo bekomme ich was zu den g\u00fcnstigsten Konditionen steht hier im Mittelpunkt. Selbst wenn endlich das geeignete Material aufgesp\u00fcrt wurde, bleibt dann &hellip; <a href=\"https:\/\/gartenbau.clone-it.de\/wpb367\/index.php\/quellen\/\">Weiterlesen <span class=\"meta-nav\">&rarr;<\/span><\/a><\/p>\n<div class=\"shariff shariff-align-flex-start shariff-widget-align-flex-start\" data-services=\"facebook\" data-url=\"https%3A%2F%2Fgartenbau.clone-it.de%2Fwpb367%2Findex.php%2Fquellen%2F\" data-timestamp=\"1733772857\" data-hidezero=\"1\" data-backendurl=\"https:\/\/gartenbau.clone-it.de\/wpb367\/wp-json\/shariff\/v1\/share_counts?\"><div class=\"ShariffHeadline\">Diesen Beitrag teilen<\/div><ul class=\"shariff-buttons theme-color orientation-horizontal buttonsize-small\"><li class=\"shariff-button facebook shariff-nocustomcolor\" style=\"background-color:#4273c8\"><a href=\"https:\/\/www.facebook.com\/sharer\/sharer.php?u=https%3A%2F%2Fgartenbau.clone-it.de%2Fwpb367%2Findex.php%2Fquellen%2F\" title=\"Bei Facebook teilen\" aria-label=\"Bei Facebook teilen\" role=\"button\" rel=\"nofollow\" class=\"shariff-link\" style=\"; background-color:#3b5998; color:#fff\" target=\"_blank\"><span class=\"shariff-icon\" style=\"\"><svg width=\"32px\" height=\"20px\" xmlns=\"http:\/\/www.w3.org\/2000\/svg\" viewBox=\"0 0 18 32\"><path fill=\"#3b5998\" d=\"M17.1 0.2v4.7h-2.8q-1.5 0-2.1 0.6t-0.5 1.9v3.4h5.2l-0.7 5.3h-4.5v13.6h-5.5v-13.6h-4.5v-5.3h4.5v-3.9q0-3.3 1.9-5.2t5-1.8q2.6 0 4.1 0.2z\"\/><\/svg><\/span><span class=\"shariff-text\">teilen<\/span>&nbsp;<span data-service=\"facebook\" style=\"color:#3b5998\" class=\"shariff-count shariff-hidezero\"><\/span>&nbsp;<\/a><\/li><li class=\"shariff-button whatsapp shariff-nocustomcolor\" style=\"background-color:#5cbe4a\"><a href=\"https:\/\/api.whatsapp.com\/send?text=https%3A%2F%2Fgartenbau.clone-it.de%2Fwpb367%2Findex.php%2Fquellen%2F%20Quellen\" title=\"Bei Whatsapp teilen\" aria-label=\"Bei Whatsapp teilen\" role=\"button\" rel=\"noopener nofollow\" class=\"shariff-link\" style=\"; background-color:#34af23; color:#fff\" target=\"_blank\"><span class=\"shariff-icon\" style=\"\"><svg width=\"32px\" height=\"20px\" xmlns=\"http:\/\/www.w3.org\/2000\/svg\" viewBox=\"0 0 32 32\"><path fill=\"#34af23\" d=\"M17.6 17.4q0.2 0 1.7 0.8t1.6 0.9q0 0.1 0 0.3 0 0.6-0.3 1.4-0.3 0.7-1.3 1.2t-1.8 0.5q-1 0-3.4-1.1-1.7-0.8-3-2.1t-2.6-3.3q-1.3-1.9-1.3-3.5v-0.1q0.1-1.6 1.3-2.8 0.4-0.4 0.9-0.4 0.1 0 0.3 0t0.3 0q0.3 0 0.5 0.1t0.3 0.5q0.1 0.4 0.6 1.6t0.4 1.3q0 0.4-0.6 1t-0.6 0.8q0 0.1 0.1 0.3 0.6 1.3 1.8 2.4 1 0.9 2.7 1.8 0.2 0.1 0.4 0.1 0.3 0 1-0.9t0.9-0.9zM14 26.9q2.3 0 4.3-0.9t3.6-2.4 2.4-3.6 0.9-4.3-0.9-4.3-2.4-3.6-3.6-2.4-4.3-0.9-4.3 0.9-3.6 2.4-2.4 3.6-0.9 4.3q0 3.6 2.1 6.6l-1.4 4.2 4.3-1.4q2.8 1.9 6.2 1.9zM14 2.2q2.7 0 5.2 1.1t4.3 2.9 2.9 4.3 1.1 5.2-1.1 5.2-2.9 4.3-4.3 2.9-5.2 1.1q-3.5 0-6.5-1.7l-7.4 2.4 2.4-7.2q-1.9-3.2-1.9-6.9 0-2.7 1.1-5.2t2.9-4.3 4.3-2.9 5.2-1.1z\"\/><\/svg><\/span><span class=\"shariff-text\">teilen<\/span>&nbsp;<\/a><\/li><li class=\"shariff-button threema shariff-nocustomcolor shariff-mobile\" style=\"background-color:#4fbc24\"><a href=\"threema:\/\/compose?text=Quellen%20https%3A%2F%2Fgartenbau.clone-it.de%2Fwpb367%2Findex.php%2Fquellen%2F\" title=\"Bei Threema teilen\" aria-label=\"Bei Threema teilen\" role=\"button\" rel=\"noopener nofollow\" class=\"shariff-link\" style=\"; background-color:#1f1f1f; color:#fff\" target=\"_blank\"><span class=\"shariff-icon\" style=\"\"><svg width=\"32px\" height=\"20px\" xmlns=\"http:\/\/www.w3.org\/2000\/svg\" viewBox=\"0 0 32 32\"><path fill=\"#1f1f1f\" d=\"M30.8 10.9c-0.3-1.4-0.9-2.6-1.8-3.8-2-2.6-5.5-4.5-9.4-5.2-1.3-0.2-1.9-0.3-3.5-0.3s-2.2 0-3.5 0.3c-4 0.7-7.4 2.6-9.4 5.2-0.9 1.2-1.5 2.4-1.8 3.8-0.1 0.5-0.2 1.2-0.2 1.6 0 0.4 0.1 1.1 0.2 1.6 0.4 1.9 1.3 3.4 2.9 5 0.8 0.8 0.8 0.8 0.7 1.3 0 0.6-0.5 1.6-1.7 3.6-0.3 0.5-0.5 0.9-0.5 0.9 0 0.1 0.1 0.1 0.5 0 0.8-0.2 2.3-0.6 5.6-1.6 1.1-0.3 1.3-0.4 2.3-0.4 0.8 0 1.1 0 2.3 0.2 1.5 0.2 3.5 0.2 4.9 0 5.1-0.6 9.3-2.9 11.4-6.3 0.5-0.9 0.9-1.8 1.1-2.8 0.1-0.5 0.2-1.1 0.2-1.6 0-0.7-0.1-1.1-0.2-1.6-0.3-1.4 0.1 0.5 0 0zM20.6 17.3c0 0.4-0.4 0.8-0.8 0.8h-7.7c-0.4 0-0.8-0.4-0.8-0.8v-4.6c0-0.4 0.4-0.8 0.8-0.8h0.2l0-1.6c0-0.9 0-1.8 0.1-2 0.1-0.6 0.6-1.2 1.1-1.7s1.1-0.7 1.9-0.8c1.8-0.3 3.7 0.7 4.2 2.2 0.1 0.3 0.1 0.7 0.1 2.1v0 1.7h0.1c0.4 0 0.8 0.4 0.8 0.8v4.6zM15.6 7.3c-0.5 0.1-0.8 0.3-1.2 0.6s-0.6 0.8-0.7 1.3c0 0.2 0 0.8 0 1.5l0 1.2h4.6v-1.3c0-1 0-1.4-0.1-1.6-0.3-1.1-1.5-1.9-2.6-1.7zM25.8 28.2c0 1.2-1 2.2-2.1 2.2s-2.1-1-2.1-2.1c0-1.2 1-2.1 2.2-2.1s2.2 1 2.2 2.2zM18.1 28.2c0 1.2-1 2.2-2.1 2.2s-2.1-1-2.1-2.1c0-1.2 1-2.1 2.2-2.1s2.2 1 2.2 2.2zM10.4 28.2c0 1.2-1 2.2-2.1 2.2s-2.1-1-2.1-2.1c0-1.2 1-2.1 2.2-2.1s2.2 1 2.2 2.2z\"\/><\/svg><\/span><span class=\"shariff-text\">teilen<\/span>&nbsp;<\/a><\/li><\/ul><\/div>","protected":false},"author":4,"featured_media":0,"parent":0,"menu_order":80,"comment_status":"closed","ping_status":"open","template":"","meta":{"footnotes":""},"class_list":["post-333","page","type-page","status-publish","hentry"],"_links":{"self":[{"href":"https:\/\/gartenbau.clone-it.de\/wpb367\/index.php\/wp-json\/wp\/v2\/pages\/333","targetHints":{"allow":["GET"]}}],"collection":[{"href":"https:\/\/gartenbau.clone-it.de\/wpb367\/index.php\/wp-json\/wp\/v2\/pages"}],"about":[{"href":"https:\/\/gartenbau.clone-it.de\/wpb367\/index.php\/wp-json\/wp\/v2\/types\/page"}],"author":[{"embeddable":true,"href":"https:\/\/gartenbau.clone-it.de\/wpb367\/index.php\/wp-json\/wp\/v2\/users\/4"}],"replies":[{"embeddable":true,"href":"https:\/\/gartenbau.clone-it.de\/wpb367\/index.php\/wp-json\/wp\/v2\/comments?post=333"}],"version-history":[{"count":121,"href":"https:\/\/gartenbau.clone-it.de\/wpb367\/index.php\/wp-json\/wp\/v2\/pages\/333\/revisions"}],"predecessor-version":[{"id":726,"href":"https:\/\/gartenbau.clone-it.de\/wpb367\/index.php\/wp-json\/wp\/v2\/pages\/333\/revisions\/726"}],"wp:attachment":[{"href":"https:\/\/gartenbau.clone-it.de\/wpb367\/index.php\/wp-json\/wp\/v2\/media?parent=333"}],"curies":[{"name":"wp","href":"https:\/\/api.w.org\/{rel}","templated":true}]}}